 be h(z). Calculate the highest common divisor of 60 and k.
20
Suppose -3*i + 12 = 2*a, -i + 2*i = -2*a. Let g(p) = 2*p**2 + 41*p + 93. Let c be g(-18). What is the highest common divisor of c and i?
3
Suppose -94 = -l + 5*m, 3*l + 5*m - 192 = 2*m. What is the highest common factor of 46 and l?
23
Suppose -20*i = -17*i - 144. What is the highest common divisor of i and 6?
6
Let p = 1 + 23. What is the greatest common divisor of 12 and p?
12
Let x be (-1)/((5/3)/(-5)). Suppose x*p - 3*r - 22 = 260, -r = 5*p - 446. What is the highest common divisor of 36 and p?
18
Let m(o) = 21*o**3 + 2*o - 1. Let b be m(1). Calculate the highest common divisor of 2 and b.
2
Let i(l) = -2*l**3 - 5*l**2 - 3*l - 3. Let g be i(-3). Suppose 15 = -110*w + 115*w. Calculate the greatest common factor of w and g.
3
Let j(t) = t**2 - 8*t + 9. Let p be j(7). Suppose 109 = p*k + s, 6 = 3*s + 3. Suppose -5*l = -13 - 77. What is the highest common factor of k and l?
18
Suppose -3*c - s + 10 = -12, 38 = 5*c + 2*s. What is the greatest common divisor of c and 24?
6
Suppose -50 = -5*l - 5. What is the greatest common factor of 72 and l?
9
Let w(x) = -2*x - 5. Let d be w(-5). Let i(c) = c**3 - 4*c**2 + 2*c - 3. Let h be i(d). Suppose 0*k = -2*k + 16. What is the greatest common divisor of k and h?
8
Let r(b) = -b + 2. Suppose -5*j = -2*x + 9, 0*j + j + 1 = 0. Let o be r(x). Let n = 10 + o. What is the highest common divisor of n and 15?
5
Let x = -2 - -6. Let o = x + 1. Suppose -4*b - 90 = -7*b. What is the highest common factor of b and o?
5
Suppose 0 = -h + 5*h + 4. Let n be (-3 - -3)/((-6)/(-3)). Let o = n - h. What is the greatest common divisor of o and 8?
1
Let q(z) = -z**3 - 4*z**2 - 4*z - 3. Let p be q(-4). Let w be (-258)/(-4) - (-5)/10. What is the highest common factor of p and w?
13
Let j(m) = 6*m**2 - 6*m - 1. Let w(f) = -2 + f + f - 1. Let i be w(4). Let a be j(i). Calculate the highest common divisor of 17 and a.
17
Suppose -63 = -3*t + 9. What is the highest common divisor of 24 and t?
24
Suppose 2*v + 2*v = -4. Let l(p) = 56*p**2. Let a be l(v). Let g = 3 - -4. What is the highest common factor of a and g?
7
Suppose 5*s - 6 = -1. Calculate the greatest common factor of s and 1.
1
Let u(n) be the second derivative of n**5/20 + n**4/12 + 9*n**2 + n. Let z be u(0). Calculate the greatest common factor of 6 and z.
6
Let s(b) = -5*b**3 - 3*b**2 - 2*b + 1. Let g(i) = i**3 + 10*i**2 + 8*i - 11. Let f be g(-9). Let t be s(f). What is the highest common divisor of t and 11?
11
Let w = -2 - -2. Suppose 3*j + 5*x - 96 = -0*x, w = -4*x. Let u be (12/(-2))/((-6)/j). Calculate the highest common factor of u and 4.
4
Let m = 1 - 1. Suppose -3*q + 0*q = m. Let r be 1/(-3)*(-3 - q). What is the greatest common factor of r and 1?
1
Suppose 2*b = -5 + 43. Let c = b - 13. Suppose a = 2*p - 22, a + 30 = 3*p - 2*a. What is the greatest common divisor of c and p?
6
Let u(y) = 27*y**2 - 2*y + 1. Let l be u(2). What is the highest common divisor of 5 and l?
5
Let s be 1*(-1 - -6)*1. Suppose 0 = 3*b - 12, -3*b = -4*r + r - 168. Let m be 1 + -3 + r/(-1). Calculate the greatest common factor of m and s.
5
Let q(s) = 3*s - 26. Let y be q(14). What is the highest common divisor of 112 and y?
16
Let v be 59 + -1 + (-1)/1. Suppose 0 = 3*t - v. Let n = -184 + 317. Calculate the greatest common factor of n and t.
19
Suppose 0 = -0*r - 4*r + 32. Let s be 561/68 - 2/8. Calculate the greatest common divisor of s and r.
8
Let r(f) = 18*f**3 + f**2 - 2*f + 1. Let c be r(1). Let p(l) = l**3 + l**2 + l + 45. Let m be p(0). What is the greatest common factor of c and m?
9
Let i(n) = n**3 + 12*n**2 + 26*n + 12. Let r be i(-8). Suppose p = 5*o + 3*p - 110, 4*o + 4*p = 100. Calculate the highest common divisor of o and r.
20
Suppose -4*t = 3*x + 2*x - 44, -3*t = -5*x + 72. Calculate the highest common factor of x and 84.
12
Let i be (-1 + 28)*(-2 - -5). Let r = 3 - -23. Let s = i - r. Calculate the greatest common divisor of s and 11.
11
Let l(g) = g**2 + 3*g + 10. Let b be l(-4). What is the greatest common factor of 126 and b?
14
Suppose 2*d = -0*d + 54. What is the highest common divisor of 135 and d?
27
Let l = -1 + -3. Let i(w) = 2*w**3 + 6*w**2 + w + 3. Let b be i(l). Let x = 48 + b. What is the greatest common factor of 3 and x?
3
Suppose -14 + 1 = -b. Suppose -17 = -m - 2*p, -b = -2*m + p + 1. Calculate the highest common divisor of m and 1.
1
Let j = 3 + -3. Let p be (j - 3)*(-2)/3. Suppose -w + 3*m - 4 = -20, -29 = -p*w + 5*m. Calculate the highest common factor of 56 and w.
7
Let j = 43 - 19. Calculate the highest common factor of j and 16.
8
Let b be (-1 - (2 + -3)) + 4. Let a(y) = -y**2 + 0*y**2 + 2*y**2 - b - y. Let w be a(-3). What is the highest common factor of w and 72?
8
Suppose -5*z + 5*r + 67 + 13 = 0, -4*r + 53 = 5*z. What is the greatest common divisor of 117 and z?
13
Suppose 2*o - 47 = -3. Let u(j) = -j + 73. Let x be u(18). Calculate the highest common factor of o and x.
11
Let h = -14 + 16. Suppose -3*m + 50 = -t, -t - 4*t = -3*m + 58. Calculate the highest common factor of m and h.
2
Suppose n + 8 = 3*n. Suppose -3*a = -n*a + 20. Calculate the greatest common divisor of a and 10.
10
Let v be 25/4 - 2/8. Let l = v + 6. Calculate the greatest common factor of l and 108.
12
Let l(n) = n**2 - 2*n + 4. Let z be l(6). Suppose -2*p = -2 - 8. Suppose 0 = u - p*h - 52, 3*h - 37 = -u - 1. Calculate the greatest common factor of z and u.
14
Let d be 4/(-10)*(-7 - -2). What is the highest common divisor of d and 2?
2
Let g(r) = -r**2 - 4. Let s be 0 + ((-2)/(-1) - 2). Let f be g(s). Let m be (-2)/((f - -1)/180). What is the highest common divisor of 15 and m?
15
Let x be ((-12)/(-5))/(6/15). Let g be 80/6 + 4/x. Calculate the greatest common factor of g and 112.
14
Suppose 2*g + 2*g = x + 12, 3*g - 2 = -x. Suppose 35 = g*c - 5. Calculate the greatest common factor of c and 30.
10
Let g(t) = -2*t**2 - 9*t - 5. Let q be g(-6). Let y = q + 48. Calculate the greatest common divisor of y and 10.
5
Let t(f) = -4*f**2 + f**2 + 51 + f**2 + 3*f**2 - f. Let y be t(0). Let p = 32 + -15. Calculate the highest common factor of y and p.
17
Let t(p) = -6*p + 77. Let b be t(12). What is the greatest common factor of 45 and b?
5
Suppose 2*n + 6 = -0*n. Let l be (-55)/n - 1/3. Suppose -5*w - 125 = -3*f, -2*f - 2*w + 98 = 2*w. What is the highest common divisor of f and l?
9
Let x(i) = 176*i**2 + 5*i + 4. Let m be x(-1). Calculate the greatest common divisor of 70 and m.
35
Let j(g) = -6 - 7*g + 5*g - 6*g. Let d be j(-6). What is the greatest common divisor of d and 6?
6
Let g be 6 - 0 - 2/1. Let l(v) = v**2 - 6*v + 6. Let f be l(6). What is the greatest common factor of g and f?
2
Suppose l = -5*l + 216. Calculate the greatest common factor of 4 and l.
4
Let n = -203 + 307. What is the highest common divisor of n and 8?
8
Let u(m) = -m**2 + 27*m - 6. Let j be u(18). What is the greatest common divisor of j and 13?
13
Let q be 575 + 3 + 1 + -3. Suppose -3*y = -4*p + 763, -3*y - q = -6*p + 3*p. What is the greatest common divisor of p and 17?
17
Let s(l) = l**2 - l - 2. Let j be s(5). Let v be 3/18 - (-159)/j. Calculate the highest common divisor of 18 and v.
9
Let d = 400 + -336. Let v = -4 - -12. Calculate the highest common factor of d and v.
8
Suppose 0*i - 56 = -4*i. Calculate the highest common divisor of i and 42.
14
Let g(v) = v. Let j be g(4). Suppose 2*q - 14 - j = 0. Calculate the greatest common factor of 63 and q.
9
Let s be -1 + 5 + 1 + 0. Suppose 3 = 3*x, 0*u - 5*x = -5*u + 200. Let q = u - s. What is the greatest common divisor of 6 and q?
6
Suppose 4 - 115 = -q + 2*i, 3*i = 0. Let f = 202 - q. What is the greatest common factor of 13 and f?
13
Suppose 9*m - 6 = 138. What is the highest common factor of m and 176?
16
Suppose -3*m = -4*m + 7. Let g(z) = z**3 - z**2 + 49. Let k be g(0). Calculate the greatest common divisor of k and m.
7
Suppose -12 = a - 58. Calculate the greatest common factor of a and 92.
46
Let f = 3 - 1. Let c(z) = z**2 + 11*z - 10. Let h be c(-12). Calculate the greatest common factor of f and h.
2
Let b be 62/2 + (-2 - -4). Let i = 26 - 15. What is the highest common divisor of i and b?
11
Let s(y) = -55*y**3 + 3*y**2 + 5*y + 1. Let c be s(-1). Let p be 4 - (3 + -1 -